 1. Let q be s(-1). Let y be (-2)/q - (-35)/11. Let p = y + 11. What is the units digit of p?
4
Suppose s + 16 = 66. Suppose -126 = 4*j + 2. Let y = j + s. What is the units digit of y?
8
Let f = -863 + 2991. What is the hundreds digit of f?
1
Let j be (-2)/(-7) - (-19)/7. Suppose u = 2*h + j, h = -u - 0*h - 12. Let m = -1 - u. What is the units digit of m?
6
What is the hundreds digit of (-1)/(9/(-2)) - (-38024)/126?
3
Let y(a) = -a**3 + 13*a**2 + 4*a - 13. Let q(r) = -2*r**3 + 25*r**2 + 7*r - 25. Let b(n) = 6*q(n) - 11*y(n). What is the units digit of b(5)?
3
Suppose 10*s + 368 = 12*s. Let i = -118 + s. What is the tens digit of i?
6
Suppose 0*r + 76 = -19*r. Suppose -55 = -2*x - 169. What is the units digit of 2 + -10 - r - x?
3
Suppose 0 = 62*s - 173504 + 41692. What is the tens digit of s?
2
Let l be 10/(-6) + 2 - 545/(-3). Let a = l - 82. What is the hundreds digit of a?
1
What is the tens digit of (28/(-21))/(4/(-3)) + 766?
6
Suppose 2*s + 2*x = 4*x + 66, x - 137 = -4*s. Suppose 8 = 3*p - 1. Suppose g = 5*i - 61, 3*i + p*g - g - s = 0. What is the units digit of i?
2
What is the units digit of -2 + (3330/17 - 6/(-51))?
4
Let o(t) = 5*t**3 + 5*t**2 + 2*t - 4. Let q be o(-3). Let w = q + 159. What is the tens digit of w?
5
Let h = 562 + -398. What is the hundreds digit of h?
1
Let z = 31 - 28. Suppose -3*n - 3*u - u = -599, -2*n + 400 = z*u. What is the tens digit of n?
9
Suppose 0 = k - 1 - 19. Let l = 20 - k. Suppose h - 5*o = 40, 3*h = -l*o - o + 56. What is the units digit of h?
0
Let b(m) = -2*m**2 + m. Let q be b(2). Let h be (-327)/q - 2/(-4). Let j = 116 - h. What is the units digit of j?
1
Let k(l) = -4*l**2 + 11*l - 5. Let f(q) = -7*q**2 + 21*q - 9. Let w(h) = 6*f(h) - 11*k(h). What is the tens digit of w(-5)?
2
Suppose -q - 154 = -3*q. Suppose -p + 5*h = p - 151, p - 2*h = q. What is the tens digit of p?
8
Suppose 3 + 29 = 2*q. Suppose -3*g = -0*g, x + 3*g + q = 0. Let p = 26 + x. What is the tens digit of p?
1
Suppose -d + 1 = 2*q + 9, 0 = -4*d - 4*q - 12. Suppose 9*i - 4*i + d*p - 163 = 0, 0 = 4*i - 3*p - 112. What is the tens digit of i?
3
Suppose -578952 = -67*h - 65*h. What is the thousands digit of h?
4
Let j = -993 - -1724. What is the units digit of j?
1
Let d(k) = k**3 - 3*k**2 + 28*k + 12. What is the units digit of d(12)?
4
Suppose -3*n - 22 = -1. Let h be 6/7*(0 + n). What is the units digit of 40/h*(-96)/20?
2
Let a(u) = -u**3 + 2*u**2 + 3*u + 1. Suppose -5*z + 2*l + 0*l = 111, z + 15 = -2*l. Let d be 48/z + (-8)/(-28). What is the tens digit of a(d)?
1
Let h be (60/24)/((-2)/(-4)). Suppose 2*g + r - 303 = g, 1509 = h*g - r. What is the tens digit of g?
0
Let d(m) = -4*m**3 - 4*m**2 + 5. Let w be d(-3). Let f = w + -9. What is the tens digit of f?
6
Let h = 57 - 114. Let k = h + 106. What is the units digit of k?
9
Suppose -50*q + 52*q - 288 = 0. What is the tens digit of q?
4
Let n be ((-15)/3 - -4)/1. Let g be n + (8 - 1 - 2). What is the tens digit of 67 - (g - 2) - 2?
6
Let p = -8 - -114. Let k = p + -36. Let i = k - 50. What is the units digit of i?
0
Let f(t) = -t**2 + 4*t + 6. Let k be f(9). Let u = 69 + k. What is the tens digit of u?
3
Suppose -4*s + 3*g + 18675 = 0, -2*s + 6*g + 9330 = 2*g. What is the tens digit of s?
7
Suppose 4*t = -4*u - 20, -t = -3*u - 2*t - 5. Suppose u = 2*x + x + 3*k - 180, -55 = -x + 4*k. What is the units digit of x?
9
What is the thousands digit of (-6)/(-20) - (-1877655)/650?
2
Suppose -3*m - l = -0*l + 105, -4*l - 182 = 5*m. Let q = 37 + m. What is the units digit of q?
3
Let s = -6 - -10. What is the tens digit of 55 - (-5 + -1)*s/8?
5
Let a(g) = -g**2 - 14*g + 10. Let z be a(-12). Let l = z - 20. What is the tens digit of l?
1
Suppose 15*j + 600 = 18*j. What is the hundreds digit of -3 + 16/4 + (j - 2)?
1
Let u = -19 + 25. Suppose -n = -5 - u. What is the units digit of n?
1
What is the tens digit of (41/5)/((-4)/(-100))?
0
Suppose -5 = -2*v + v. Suppose -v*r = -q + 3*q - 46, -r + q + 12 = 0. What is the tens digit of r?
1
Suppose -1428 = -3*k - 354. What is the tens digit of (k/4)/(1/4*2)?
7
Suppose l = -4*l - 3*r + 20, 20 = 5*l - 5*r. Suppose l*y + 1 - 37 = 0. What is the units digit of y?
9
Suppose -3*y + 2*r + 1858 = 4*r, 2*y - 5*r = 1226. What is the tens digit of y?
1
Let i(q) = -2*q**2 + 14*q - 29. Let s be i(5). What is the units digit of ((-15)/s)/((-2)/(-318))?
5
Suppose 4*m = -3*p + 546, 3*p - p + 131 = m. What is the hundreds digit of m?
1
Suppose 0 = 4*m + m + 70. Let f be (9 + m)*(-774)/10. What is the units digit of 3/15 - f/(-15)?
6
Let w be 40/2*(712/(-4))/(-2). What is the hundreds digit of (-2)/(-3) + w/12?
1
Let i(z) = 10*z**3 - 3*z**2 + 2*z. Let g be (-15)/(-12) - (-27)/36. What is the units digit of i(g)?
2
Let k(l) = -3*l + 15. Let n be (6/(-4))/(3/20). Let o be k(n). Let f = o + -26. What is the units digit of f?
9
Let h(u) = 2*u**2 - 9*u - 1. Let w be h(5). Let s = w - 18. Let y = s + 19. What is the units digit of y?
5
Let g(k) = 10*k**2 - k - 4. Let a be g(2). Let q = a - -2. What is the units digit of q?
6
Let z(q) = -1372*q + 406. What is the tens digit of z(-4)?
9
Let t be 48/(-20)*3*5. Let q be 5/(-2)*t/45. Suppose 3*n - 9 = 0, 3*n + n - 58 = -q*h. What is the units digit of h?
3
Let m = 142 + -85. Suppose 10*g + m = 13*g. What is the tens digit of g?
1
Let s = -109 + 31. Let m = s - -150. What is the units digit of m?
2
What is the tens digit of -1841*-3*5/21?
1
Let m(v) = 19*v - 10. Let o(g) = -20*g + 10. Let t(s) = 4*m(s) + 5*o(s). Let a be t(7). What is the units digit of (-4)/(-18) + a/(-18)?
9
Suppose -2*i - 204 = i. Let c = -38 - i. What is the units digit of c?
0
Suppose -n - 9 = 2. Let q be (10 - (5 - 2))*3. Let i = q + n. What is the tens digit of i?
1
Let u(s) = -61*s - 107. What is the units digit of u(-14)?
7
Suppose 0 = 2*h - 3*w - 7716, -h + 16*w = 20*w - 3847. What is the units digit of h?
5
Suppose 381 = 2*m - 5*l - 578, -l = -2*m + 979. What is the hundreds digit of m?
4
Let w = -11 - 12. Let t = w - -28. Suppose t*y = 3*d + d, 0 = -2*y - 3*d + 23. What is the units digit of y?
4
Suppose 4*l - 15*l = -33. Suppose 0*q - 590 = -3*u - 4*q, -l*q + 393 = 2*u. What is the hundreds digit of u?
1
Let k(o) = o**2 - 5*o + 4. Let z(i) = -i. Let m(l) = k(l) + 5*z(l). Let v(a) = a**2 + 10*a + 26. Let x be v(-8). What is the units digit of m(x)?
4
Let i = -164 - -170. Let f(p) = -p + 14. Let d be f(6). What is the units digit of 44/d - i/4?
4
Let n(o) = o**3 + 9*o**2 - 6*o - 16. Let z(r) = 3*r - r**3 - 9*r**2 + 3*r + 17 + 0*r. Let b(l) = 6*n(l) + 5*z(l). What is the units digit of b(-9)?
3
Suppose 3*o = -o. Suppose o = -n + 2*n + 6. Let x(l) = -5*l - 1. What is the units digit of x(n)?
9
Let s(w) = w**3 - 2*w**2 - 3*w + 2. Let u be 4 + (2 - (-6)/(-3)). Suppose -5*j + 23 = -2*m, u*j - j + 5*m = 20. What is the tens digit of s(j)?
6
Suppose -4*c + 2620 = 5*g, -8*c = -4*g - 5*c + 2096. What is the units digit of g?
4
Suppose 5*u - 69 = 11. Let m = 14 - u. What is the units digit of (m/1)/((-2)/38)?
8
What is the thousands digit of (9 - 27)/9 + 2022?
2
Suppose 623 = 6*i - 1873. Let k = 672 - i. What is the units digit of k?
6
Suppose -f - 13 = -33. Let d(b) = -b**3 + 10*b**2 - 21*b + 5. Let r be d(7). Suppose -r*u = -f, 3*i - 4*u = 6*i - 100. What is the tens digit of i?
2
Let v be (-16)/(-3) + 20/30. Suppose 480 = v*h - 3*h. Suppose 0 = -2*r - 2*r - 4*s + 220, 3*r + 4*s - h = 0. What is the tens digit of r?
6
Let m = -60 - -60. Suppose m = -a + 93 + 114. What is the units digit of a?
7
Suppose 0 = 25*f + 3*f - 476. What is the units digit of f?
7
Let u(n) = -12*n - 36. Let a be u(-16). Suppose 4*z = 8*z - a. What is the units digit of z?
9
Suppose -3*f - 4*m = -17, -2*f + 4*m + 1 = -17. Let u = -7 + f. Suppose u*t + 1 = -t, 6 = b - 3*t. What is the units digit of b?
3
Let u be -1 + 0 + -4 + 5. Let w be (2*(u - 87))/(-2). Let l = 130 - w. What is the tens digit of l?
4
Suppose 7 = 5*f - 8. Suppose 9 = -m - s, 2*s - f = 3*s. Let g(l) = -l**2 - 7*l + 4. What is the units digit of g(m)?
0
Let m(d) = 62*d + 16. What is the units digit of m(6)?
8
Suppose 65*w - 62*w = -4*r + 4071, -5*r = 5*w - 6790. What is the thousands digit of w?
1
Let r be (-2)/8 + -3 + 4956/(-16). Let p = -216 - r. What is the tens digit of p?
9
Let i(u) = -u**2 + 22*u - 